4*z**2 - 29381*z - 117500. Determine b(-4).
24
Let s(k) = -1273*k - 1913. What is s(-3)?
1906
Let i(g) = -9*g**3 - 331*g**2 - 1180*g - 1909. Give i(-33).
5
Let o(y) = -86*y**2 - 231*y + 231. Determine o(1).
-86
Let g(l) = 46*l**3 - 526*l**2 + 513*l + 14. Calculate g(1).
47
Let y(j) = 974959*j + 15599317. Calculate y(-16).
-27
Let c(j) = 9*j**2 + 17*j + 76. Calculate c(11).
1352
Let v(p) = 358433*p - 3584296. What is v(10)?
34
Let f(n) = n**3 + 53*n**2 + 54*n - 2301. What is f(-51)?
147
Let v(y) = y**3 + 36*y**2 - 398*y - 11703. Determine v(-38).
533
Let b(m) = -2*m**3 - 156*m**2 + 244*m + 6792. Give b(-79).
-2
Let w(v) = -3659*v - 7189. Determine w(-2).
129
Let a(s) = -3*s**2 - 146*s - 1964. Determine a(-14).
-508
Let j(w) = 5*w**2 + 76*w - 3429. Give j(-35).
36
Let w(g) = 2*g**3 + 134*g**2 + 826*g + 57. Determine w(-6).
-507
Let c(u) = -u**3 + 426*u**2 - 1656*u - 189017. Calculate c(421).
12
Let u(o) = -2*o**2 - 51108*o - 255484. Determine u(-5).
6
Let x(o) = -324*o - 712. What is x(-2)?
-64
Let j(z) = -6*z**2 + 1980*z + 39784. Give j(349).
-2
Let z(k) = -2*k**2 - 4*k + 3411. Determine z(40).
51
Let d(l) = -355*l + 5741. What is d(16)?
61
Let y(m) = -m**3 - 36*m**2 + 535*m - 1632. Determine y(7).
6
Let b(o) = 5*o**3 - 30*o**2 + 345*o - 1723. Give b(5).
-123
Let m(t) = 12875*t + 824429. Give m(-64).
429
Let h(z) = z**2 + 41913*z + 209532. What is h(-5)?
-8
Let h(m) = 31*m**3 + 81*m**2 - 9*m - 3. Calculate h(-4).
-655
Let l(k) = 23*k**3 + 4*k**2 - 2*k + 15. Determine l(3).
666
Let z(w) = -4998*w - 9990. Calculate z(-2).
6
Let m(u) = 2*u**2 + 284*u - 11155. Calculate m(-167).
-2805
Let s(a) = 366186*a + 8422280. What is s(-23)?
2
Let f(d) = 7*d + 318. Determine f(-50).
-32
Let z(s) = -161637*s - 5172389. Determine z(-32).
-5
Let s(d) = -695*d**2 - 103*d + 101. Determine s(1).
-697
Let i(h) = -h**3 + 104*h**2 + 742*h - 181. Calculate i(-7).
64
Let m(h) = -4280*h + 17153. What is m(4)?
33
Let t(g) = -1879*g + 659533. Determine t(351).
4
Let f(i) = -194*i**2 - 10. What is f(0)?
-10
Let t(n) = 12*n**2 - 537*n + 3589. What is t(7)?
418
Let a(f) = -262*f + 87. Give a(1).
-175
Let j(z) = z**3 + 8*z**2 - 20223*z - 202020. Determine j(-10).
10
Let c(s) = -6*s**3 + 103*s**2 + 3*s - 92. Calculate c(17).
248
Let j(t) = -t**3 - 293*t**2 - 2296*t - 672725. What is j(-293)?
3
Let y(f) = -51147*f - 1. Give y(0).
-1
Let c(p) = -p**3 + 2946*p**2 + 11761*p - 164. What is c(-4)?
-8
Let h(l) = -57*l**2 + 329*l - 332. Determine h(1).
-60
Let a(f) = f**3 - 37*f**2 + 315*f - 173. What is a(18)?
-659
Let n(y) = -453*y + 147078. What is n(325)?
-147
Let o(v) = 3850*v - 27010. Determine o(7).
-60
Let g(a) = 486996*a - 6817941. What is g(14)?
3
Let t(n) = n**2 + 1616*n - 8. Give t(0).
-8
Let i(s) = 13*s**2 - 347*s - 278. Give i(27).
-170
Let p(t) = 5296825*t - 26484140. What is p(5)?
-15
Let m(n) = 2*n**3 + 3*n**2 - 118*n + 103. Give m(6).
-65
Let y(i) = -181*i + 22453. What is y(126)?
-353
Let m(w) = -9655*w - 67671. Calculate m(-7).
-86
Let k(q) = 3723*q**2 + 2546532*q - 36. Give k(-684).
-36
Let r(i) = -i**2 + 384*i - 18431. Determine r(327).
208
Let y(i) = 55*i**2 - 205*i - 384. Give y(6).
366
Let n(c) = 8*c**3 + 611*c**2 - 51*c - 21203. Calculate n(-76).
1
Let h(z) = -674*z + 1349. Calculate h(1).
675
Let r(l) = 1491*l + 9695. Give r(-7).
-742
Let q(i) = -9*i - 1231. What is q(-129)?
-70
Let d(l) = -26778*l - 2088682. Give d(-78).
2
Let y(b) = 108925*b + 9. Give y(0).
9
Let u(q) = 9*q**2 - 87*q + 643. Calculate u(0).
643
Let j(c) = 276*c + 1251. Give j(-6).
-405
Let p(o) = 390*o**3 - 1943*o**2 - 15*o + 94. Determine p(5).
194
Let f(g) = -g**2 + 126*g + 1616. Determine f(-12).
-40
Let q(w) = -38272*w + 74665. What is q(2)?
-1879
Let v(h) = 3334*h - 286931. Determine v(86).
-207
Let r(q) = 205*q - 13919. Determine r(66).
-389
Let v(i) = -4402*i - 27753. What is v(-6)?
-1341
Let o(g) = 3*g**3 - 332*g**2 + 3082*g - 1. Determine o(10).
619
Let m(w) = 2*w**3 + 53*w**2 - 78*w - 1563. Calculate m(-27).
-186
Let m(l) = -l**3 - 101*l**2 - 113*l - 9679. Give m(-101).
1734
Let f(j) = j**2 - 1307*j - 82019. Give f(-60).
1
Let u(w) = w**3 - 24*w**2 + 29*w - 127. Calculate u(23).
11
Let s(v) = 2*v**2 - 1102*v + 37875. What is s(36)?
795
Let l(a) = 153*a - 8165. What is l(54)?
97
Let m(j) = 8*j**2 + 798*j + 1319. Calculate m(-98).
-53
Let g(k) = -k**2 + 5352*k - 307030. What is g(58)?
22
Let v(b) = b**3 - 104*b**2 + 203*b + 273. Give v(102).
171
Let b(n) = -10*n**2 + 441*n - 869. What is b(2)?
-27
Let y(s) = s**3 + 61*s**2 + 932*s + 24116. Give y(-52).
-12
Let k(r) = 2*r**2 + 133*r + 2154. Calculate k(-17).
471
Let i(y) = 64568*y + 258850. What is i(-4)?
578
Let x(g) = g**3 - 214*g**2 + 4727*g + 57. Determine x(25).
107
Let c(f) = f**3 + 685*f**2 - 14009*f - 10050010. What is c(-684)?
2
Let y(b) = 8*b**2 - 434*b + 106. What is y(54)?
-2
Let l(c) = 3670*c - 14358. What is l(4)?
322
Let f(n) = 13446*n - 295812. Determine f(22).
0
Let j(y) = -81*y**3 - 1135*y**2 + 969*y + 13742. Give j(-14).
-20
Let x(p) = -p**3 - 70*p**2 + 1299*p + 2034. What is x(-85)?
-6
Let j(s) = 3222*s - 2116. What is j(0)?
-2116
Let g(c) = -c**2 - 8946*c + 513196. Determine g(57).
25
Let n(h) = 258*h + 10412. Calculate n(-31).
2414
Let h(v) = 3433*v - 21425. Give h(5).
-4260
Let h(m) = m**3 + 20*m**2 - 143*m + 7. Give h(-27).
-1235
Let f(m) = -16*m - 847. What is f(-46)?
-111
Let n(m) = -m**2 - 744*m - 50173. Determine n(-75).
2
Let j(k) = 42172*k + 84487. Determine j(-2).
143
Let f(z) = -z**3 + 18*z**2 + 284*z + 67. Determine f(-11).
452
Let h(k) = -3*k**3 - 3068*k**2 + 1041*k + 18340. Determine h(-1023).
-74
Let v(q) = 142*q + 1675. Give v(-12).
-29
Let d(x) = -267*x**2 - 3374*x + 5. Calculate d(-13).
-1256
Let t(u) = u**2 + 12237*u + 171071. Give t(-14).
-51
Let a(l) = 3*l**2 - 1482*l - 19794. What is a(507)?
-21
Let k(c) = 106*c - 643. Determine k(-21).
-2869
Let i(x) = x**3 - 111*x**2 + 756*x - 73. Determine i(7).
123
Let l(n) = 19252*n - 96363. Calculate l(5).
-103
Let k(u) = u**3 - 89*u**2 + 1654*u + 31. Calculate k(62).
-1209
Let b(w) = 12*w**3 - 944*w**2 + 627*w - 18. Give b(78).
216
Let l(b) = -3360*b + 235258. Give l(70).
58
Let q(t) = -7*t**3 - 5*t**2 - 10*t + 143. Calculate q(0).
143
Let r(m) = 2*m**2 - 2308*m - 75891. Determine r(-32).
13
Let a(y) = -2*y**3 - 28*y**2 - 171*y - 121. Determine a(-7).
390
Let u(a) = 2*a**3 - 49*a**2 - 3027*a + 73226. Give u(24).
2
Let u(a) = -115*a**2 - 122*a - 18. Calculate u(-3).
-687
Let f(m) = -3*m**3 + 90*m**2 - 383*m + 59. Determine f(5).
19
Let b(a) = 21482*a - 42815. Calculate b(2).
149
Let n(y) = -2147*y + 431557. What is n(201)?
10
Let r(q) = 114*q**2 + 1557*q - 557. Determine r(-14).
-11
Let o(t) = 5320891*t + 58529800. Determine o(-11).
-1
Let c(b) = -b**3 + 342*b**2 - 1016*b - 72. Determine c(339).
267
Let w(r) = -451*r**2 - 13017*r - 10867. What is w(-28)?
25
Let c(i) = i**3 + 76*i**2 - 2161*i + 105. Determine c(22).
-5
Let j(h) = 6*h**2 + 198*h - 554. Determine j(-38).
586
Let n(v) = v**2 - 307*v - 12781. Calculate n(-41).
1487
Let h(b) = -60*b**2 + 1623*b - 10253. Determine h(17).
-2
Let w(o) = 2*o**3 - 275*o**2 - 2942*o + 56. Give w(-10).
-24
Let b(w) = 25918*w - 155607. Determine b(6).
-99
Let c(m) = -115140*m + 690829. Calculate c(6).
-11
Let b(u) = -23718*u + 498080. What is b(21)?
2
Let z(j) = 2*j**3 - 25*j**2 - 122*j + 1567. Give z(12).
-41
Let r(l) = l**2 + 3520*l - 596476. Determine r(162).
8
Let l(j) = j**3 + 116*j**2 + 442*j + 37585. Give l(-115).
-20
Let f(k) = -2446*k + 63526. Calculate f(26).
-70
Let r(l) = -7039*l + 112585. Give r(16).
-39
Let h(q) = -q**3 - 97*q**2 - 1574*q + 10427. Give h(5).
7
Let n(h) = 538*h - 214956. Determine n(399).
-294
Let j(q) = 4*q**3 - 127*q**2 - 611*q + 221. Determine j(36).
257
Let k(q) = -155*q - 4301. Determine k(-27).
-116
Let i(j) = j**3 - 24*j**2 + 124*j + 251. Give i(17).
336
Let q(p) = 28825*p - 29539. Calculate q(1).
-714
Let y(m) = 9*m**2 + 2631*m - 13376. What is y(5)?
4
Let d(j) = -j**2 + 761*j - 14141. What is d(19)?
-43
Let l(d) = -1133*d + 21395. Give l(19).
-132
Let s(k) = 544*k - 191494. Calculate s(352).
-6
Let k(a) = -a**3 + 341*a**2 + 243*a + 151946. Give k(343).
-3
Let w(x) = -x**3 - 58*x**2 - 692*x + 207. Calculate w(-41).
2
Let t(w) = -894*w - 44713. Calculate t(-50).
-13
Let t(m) 